-4).
-65
Let c(l) = l**3 + 11*l**2 + 13*l + 25. Calculate c(-10).
-5
Let y(d) = -d**3 - 6*d - 6. Calculate y(-1).
1
Let x(q) = -q**3 - 11*q**2 - 9*q + 13. What is x(-10)?
3
Let p(c) = 4*c - 25. Calculate p(7).
3
Let q(x) = -5*x + 4. Give q(2).
-6
Let j(h) = 7*h + 31. Determine j(-9).
-32
Let p(q) = q**3 - 3*q**2 + q + 3. Determine p(2).
1
Let w(v) = 8*v**2 + v + 3. Give w(3).
78
Let a(c) = -c**2 - 11*c - 3. Determine a(-12).
-15
Let n(g) = 14*g - 26. Give n(-7).
-124
Let r(u) = -u**3 + 15*u - 13. Calculate r(3).
5
Let t(x) = -6*x - 9. Determine t(-5).
21
Let x(h) = -7*h + 7. What is x(3)?
-14
Let t(u) = u**3 + 10*u**2 + 7*u - 19. Give t(-9).
-1
Let m(r) = 61*r**2 + r - 2. What is m(1)?
60
Let z(p) = 5*p + 8. Calculate z(-3).
-7
Let y(k) = -k**2 - 28*k - 77. Calculate y(-3).
-2
Let f(k) = k**3 + 4*k**2 - 6*k + 6. What is f(-5)?
11
Let w(v) = 2*v + 15. Calculate w(-10).
-5
Let u(m) = 69*m + 56. What is u(-1)?
-13
Let d(n) = -7*n - 43. Determine d(-5).
-8
Let o(u) = -8*u - 4. What is o(1)?
-12
Let d(z) = 31*z**2 + 2. What is d(-1)?
33
Let y(s) = 2*s**2 - 26*s + 16. Determine y(11).
-28
Let y(u) = 19*u**3 + 3*u + 2. Calculate y(-1).
-20
Let u(h) = -h**3 - 2*h**2 - 3*h. What is u(3)?
-54
Let w(n) = 10*n + 5. Give w(3).
35
Let w(d) = -2*d - 13. Give w(-13).
13
Let r(z) = -2*z**2 - 12*z - 3. Calculate r(-5).
7
Let i(d) = d**3 + 9*d**2 + 5*d - 22. What is i(-8)?
2
Let l(s) = s**3 + 5*s**2 + 7*s + 3. Give l(-4).
-9
Let g(r) = r**2 + 3*r - 12. What is g(-6)?
6
Let o(r) = -r**3 - 13*r**2 - 3*r - 21. Give o(-13).
18
Let k(w) = w**3 - 14*w**2 - w + 10. Determine k(14).
-4
Let q(h) = -2*h**3 - h**2 + h. Determine q(-1).
0
Let a(j) = -2*j**3 + 14*j**2 + 20*j - 25. Give a(8).
7
Let v(d) = -25*d + 256. Determine v(10).
6
Let p(u) = -23*u - 14. Determine p(-1).
9
Let t(g) = -12*g - 65. Determine t(4).
-113
Let d(n) = 4*n + 87. Give d(0).
87
Let a(d) = d**2 + 2*d - 27. Calculate a(0).
-27
Let i(y) = y**3 + 8*y**2 + 2*y + 21. Calculate i(-8).
5
Let j(n) = 2*n**3 + 42*n**2 - 46*n - 33. What is j(-22)?
11
Let b(j) = 13*j**2 - 7*j - 11. Calculate b(-2).
55
Let j(t) = t**3 - 7*t**2 - 9*t + 4. Determine j(8).
-4
Let q(x) = -x**3 + 9*x**2 - 7*x - 19. Determine q(8).
-11
Let n(r) = 114*r - 6. Give n(1).
108
Let c(a) = -a**2 + 19*a - 36. Give c(17).
-2
Let n(b) = b**2 + 12*b + 7. Calculate n(-8).
-25
Let d(l) = 4*l - 95. Calculate d(22).
-7
Let v(w) = -4*w**2 + 37. Determine v(6).
-107
Let j(f) = 20*f - 20. Calculate j(-6).
-140
Let v(b) = -b**2 + 44*b - 37. Calculate v(43).
6
Let p(z) = -2*z + 21. Determine p(13).
-5
Let r(t) = 2*t**3 + 5*t**2 - 2*t + 8. Give r(-4).
-32
Let z(a) = 2*a - 20. Determine z(23).
26
Let x(d) = -2*d**2 + d - 3. Determine x(-7).
-108
Let i(g) = -128*g + 120. Determine i(1).
-8
Let k(d) = -5*d**2 + 2*d - 3. Give k(-3).
-54
Let q(h) = -h**3 - 3*h**2 + 4*h + 2. Calculate q(-3).
-10
Let v(r) = -r**3 + 5*r**2 - 7*r + 14. Determine v(4).
2
Let r(v) = -3*v. What is r(-7)?
21
Let i(z) = 2*z + 16. Give i(-8).
0
Let q(x) = -2*x**3 + 3*x**2 - x. Determine q(2).
-6
Let c(b) = -b**2 - 11*b - 4. Calculate c(-10).
6
Let b(t) = -5*t + 20. Determine b(7).
-15
Let n(j) = -j - 15. What is n(0)?
-15
Let g(w) = -8*w. Give g(2).
-16
Let m(h) = 3*h**3 + 3*h**2 - 1. Determine m(-2).
-13
Let x(i) = -i - 4. Give x(0).
-4
Let c(m) = -m**2 - 6*m + 10. Determine c(-6).
10
Let d(c) = -2*c**2 + 13*c + 20. Calculate d(10).
-50
Let f(v) = -2*v. What is f(14)?
-28
Let h(f) = -f**3 + 6*f**2 + 12*f - 2. What is h(5)?
83
Let j(i) = -2*i**2 - 7*i - 2. Determine j(-2).
4
Let y(g) = -6*g + 45. What is y(7)?
3
Let x(p) = -29*p - 203. Determine x(-7).
0
Let t(w) = -3*w**2 + 48*w + 34. Calculate t(17).
-17
Let o(g) = g**2 + 29*g + 18. Give o(-29).
18
Let m(d) = d**2 - 12*d + 20. Give m(7).
-15
Let b(n) = n**2 + 6*n + 1. Calculate b(-6).
1
Let t(a) = -16*a + 71. What is t(4)?
7
Let w(s) = -3*s + 19. What is w(-16)?
67
Let u(p) = -p + 8. What is u(14)?
-6
Let v(j) = 3*j - 30. Calculate v(10).
0
Let k(z) = -6*z**3 + 4*z + 4. Calculate k(-1).
6
Let l(d) = -d**3 + 6*d**2 + 5*d + 8. What is l(6)?
38
Let x(q) = 10*q - 8. Calculate x(4).
32
Let p(z) = z**3 + z**2 - z + 5. Determine p(0).
5
Let l(c) = 3*c**2 + 22*c + 5. What is l(-7)?
-2
Let i(q) = q**3 + 22*q**2 + 43*q + 62. What is i(-20)?
2
Let s(u) = 5*u**3 - 3*u**2 + 17*u + 20. What is s(-1)?
-5
Let y(u) = 33*u + 97. Determine y(-3).
-2
Let s(m) = -5*m**2 - m + 2. Determine s(1).
-4
Let p(u) = 4*u**2 + 52*u - 54. What is p(-14)?
2
Let l(o) = -4*o - 2. Calculate l(8).
-34
Let t(c) = -c**3 + 18*c**2 + 20*c - 2. Calculate t(19).
17
Let r(h) = -h**3 + 6*h**2 + 5*h - 24. What is r(6)?
6
Let y(k) = k**3 - 9*k**2 + 11*k + 14. Determine y(7).
-7
Let t(g) = g**3 + g**2 + 4*g + 3. What is t(-4)?
-61
Let l(t) = t**2 - 49. Calculate l(-6).
-13
Let m(s) = 2*s**2 + 4*s - 4. Determine m(-5).
26
Let m(s) = -s + 15. Calculate m(-12).
27
Let i(u) = -u**3 - 7*u**2 + 4*u - 8. Give i(-8).
24
Let m(d) = -d**2 + 12*d + 8. What is m(13)?
-5
Let k(m) = -m**3 + m - 40. Calculate k(0).
-40
Let i(b) = b**2 + 3*b - 7. Determine i(-4).
-3
Let s(h) = h**2 + 10*h + 3. Give s(-9).
-6
Let p(g) = -48*g**3 + 2*g**2 - 3*g + 2. Calculate p(1).
-47
Let h(t) = -2*t**2 + 3*t - 2. Calculate h(5).
-37
Let h(g) = -g**2 + 3*g + 1. Determine h(-2).
-9
Let m(o) = -o**2 + 15*o - 57. Give m(10).
-7
Let r(m) = -35*m - 290. Determine r(-8).
-10
Let q(o) = -o**2 - 4*o + 48. Give q(-8).
16
Let r(a) = -3*a + 2. Determine r(15).
-43
Let t(w) = -w**3 + 2*w**2 + 2*w + 9. What is t(4)?
-15
Let b(y) = y**2 + 19*y + 29. Determine b(-2).
-5
Let r(f) = -4*f - 11. Determine r(-6).
13
Let m(a) = -2*a**2 - 5*a - 4. Calculate m(-3).
-7
Let d(i) = -4*i + 5. Determine d(5).
-15
Let n(p) = p**3 - 25*p**2 - 57*p + 66. Calculate n(27).
-15
Let i(d) = 11*d + 83. Determine i(-9).
-16
Let q(m) = -18*m**3 - 2*m**2 - m. Calculate q(-1).
17
Let m(x) = -14*x - 94. Calculate m(-6).
-10
Let a(w) = -3*w**2 - 20*w + 23. Calculate a(-10).
-77
Let l(h) = h**3 + 21*h**2 - 26*h - 63. Calculate l(-22).
25
Let o(h) = -h**2 - 7*h - 2. Determine o(-6).
4
Let i(h) = -h**3 - h**2 + 4. What is i(3)?
-32
Let u(l) = -2*l + 6. Determine u(-3).
12
Let w(p) = 7*p - 3. Give w(6).
39
Let s(m) = -2*m**2 + 4*m + 6. Calculate s(5).
-24
Let z(x) = x**3 - 9*x**2 + 7*x - 13. Calculate z(9).
50
Let m(r) = -r**3 + 14*r**2 - 3*r + 11. Give m(14).
-31
Let o(g) = -g**3 + 8*g**2 + 8*g - 99. Determine o(7).
6
Let i(d) = -d**3 - 10*d**2 + d + 7. Determine i(-10).
-3
Let a(j) = -3*j**2 - j. Give a(3).
-30
Let t(g) = -g**2 + 6*g - 7. Give t(3).
2
Let m(a) = a**2 + 28*a + 34. Give m(-27).
7
Let i(t) = -t**2 - 24*t - 53. Calculate i(-21).
10
Let j(k) = -4*k**2 + 40*k - 2. What is j(10)?
-2
Let f(k) = -8*k - 205. Calculate f(-26).
3
Let c(h) = -36*h + 36. Give c(3).
-72
Let d(a) = a**2 + 11*a - 86. Calculate d(-16).
-6
Let x(b) = -7*b + 15. What is x(3)?
-6
Let j(x) = -27*x + 195. Give j(7).
6
Let c(s) = -2*s**2 + 7*s. Determine c(5).
-15
Let x(f) = 2*f + 35. Determine x(-17).
1
Let f(d) = -4*d**2 + 32*d + 6. Give f(8).
6
Let u(x) = x**2 + x + 3. Calculate u(-2).
5
Let c(f) = -f**2 + 7*f + 7. Calculate c(-2).
-11
Let u(k) = -2*k**2 - k + 1. Determine u(-2).
-5
Let l(h) = h**3 + 6*h**2 - 5*h + 13. Determine l(-7).
-1
Let k(g) = g**3 - 22*g**2 - 2*g + 51. What is k(22)?
7
Let y(h) = -6*h**2 - 19*h - 18. Give y(-1).
-5
Let w(f) = f**3 + 11*f**2 + 2*f + 10. What is w(-11)?
-12
Let s(a) = -a**3 - 41*a**2 + 44*a + 88. Determine s(-42).
4
Let i(b) = b**2 + 6*b + 8. Give i(-5).
3
Let z(j) = -41*j - 12. What is z(3)?
-135
Let f(g) = -3*g**2 + 7*g - 6. What is f(4)?
-26
Let a(s) = 2*s + 1. Calculate a(-1).
-1
Let p(f) = -f**3 + 8*f**2 + 18. Calculate p(9).
-63
Let r(x) = x + 11. Determine r(-6).
5
Let h(b) = -4*b + 7. Calculate h(4).
-9
Let w(h) = -7*h - 431. Determine w(-58).
-25
Let y(x) = -x - 7. Calculate y(13).
-20
Let w(j) = -6*j + 2. Give w(3).
-16
Let m(k) = k**3 + 4*k**2 - 2*k + 7. What is m(-5)?
-8
Let l(g) = g**2 + 2. What is l(0)?
2
Let i(l) = l - 32. Give i(18).
-14
Let j(a) = a**3 - a**2 - a - 21. Calculate j(0).
-21
Let n(z) = z**2 - 16*z - 10. Determine n(16).
-10
Let u(s) = -4*s**2 - 15*s + 23. Calculate u(-5).
-2
Let k(g) = g**3 - 7*g**2 + 6*g + 7. Calculate k(5).
-13
Let f(s) = s**2 - 11*s - 7. Determine f(11).
-7
Let p(f) = -2*f + 40. Give p(